nd y.
15
Suppose -11*n + 92 = -7*n. Calculate the highest common factor of n and 69.
23
Suppose -5*x = -4*g + 55, 0*x = g + 3*x - 1. Let q = -5130 + 5220. What is the highest common divisor of q and g?
10
Let g = -15 - -29. Suppose 4*v + 51 = 135. What is the highest common factor of v and g?
7
Suppose 0*m - 28 = -m. Suppose 2*v - m = -0*v. Suppose 0 = 2*p - 3*s - 142 - 7, -5*s - 85 = -p. What is the highest common divisor of p and v?
14
Let y(d) be the third derivative of d**6/30 + d**5/20 + 5*d**4/24 - d**3 + 3*d**2. Let v be y(3). What is the highest common divisor of v and 48?
48
Let m(s) = 14*s - 26. Let f be m(15). What is the greatest common divisor of f and 69?
23
Let t = 69 - 6. Suppose 3*r = 2*b - t, -2*r - 106 = -b - 3*b. Calculate the highest common divisor of b and 120.
24
Let h(m) = 0 - 5*m - 6 + 4. Let a be h(3). Let s = a + 27. What is the highest common divisor of s and 20?
10
Let u be 6/((15/(-21))/(15/(-6))). Suppose 6*g = g + 105. Calculate the greatest common divisor of u and g.
21
Suppose 6 = 2*w + 2*u, 1 + 1 = 2*w + 4*u. Calculate the greatest common factor of 40 and w.
5
Let w(h) = h - 2. Let o be w(15). Let r be -2 + 2*2/(-4). Let p be ((-1)/r)/(3/585). Calculate the greatest common divisor of o and p.
13
Suppose -105 = -0*s - 3*s. Let c(b) = -3*b - 61. Let q be c(-22). Calculate the highest common divisor of s and q.
5
Suppose -182 = -8*q - 102. Suppose 3*v + 3*a = 6*a + 114, -2*v = 3*a - 86. Calculate the highest common factor of q and v.
10
Let k(t) = 99*t - 14. Let m be k(2). What is the greatest common divisor of 23 and m?
23
Let o = 5 - 1. Suppose 0 = -o*m + 19 + 25. Let q = -123 + 178. Calculate the highest common divisor of q and m.
11
Suppose 16*h = 7*h + 72. Calculate the highest common factor of h and 1.
1
Suppose 9*l = 142 + 47. What is the greatest common factor of 33 and l?
3
Suppose -3*a + 342 = -570. Let g be a/6 - 21/(-63). What is the greatest common divisor of g and 357?
51
Let h(q) be the second derivative of q**4/2 - 5*q**3/6 + 3*q**2/2 - 24*q. Let m be h(1). Calculate the highest common divisor of m and 6.
2
Suppose 2*q - 9 = -5*j - 1, 5*q = -4*j + 20. Suppose q*f = -p + 86, -f = 3*f + 4. Let a be 5/(-2)*p/(-5). What is the highest common divisor of a and 30?
15
Let u(r) = -5*r + 72. Let t be u(6). Let a = -6 + 20. Calculate the highest common divisor of t and a.
14
Let v(f) = 74*f - 4. Let c be v(1). Suppose 2*u = -0*u + 700. Suppose 3*y - y - u = 0. What is the highest common factor of y and c?
35
Suppose 0 = 7*k - 4*k - 30. Let h = k + -13. Let o = 4 + h. What is the greatest common factor of 1 and o?
1
Let u(v) be the third derivative of -5/6*v**3 + 0*v + 0 + 7*v**2 + 1/8*v**4. Let f be u(6). Calculate the highest common divisor of 117 and f.
13
Let p(w) = 2*w - 8. Let q be p(-6). Let c be (q/(-3))/((-10)/(-30)). Let x = -13 + 33. What is the highest common divisor of x and c?
20
Let k be 0/((-3)/(-1) - 7). Suppose k = -i + 2*i - 22. Calculate the highest common divisor of 11 and i.
11
Suppose 3*m - 5 = m - g, 0 = 5*m + 2*g - 12. Let s be (-100)/(-7) - 4/196*14. Calculate the greatest common factor of m and s.
2
Let s(u) = -28*u**3 + 2*u - 2. Let m be s(1). Let y = m + 42. What is the highest common divisor of y and 14?
14
Let b(p) = -p**3 - 7*p**2 + 4*p + 22. Let o be b(-7). Let y(g) = -g**3 - 4*g**2 + 10*g - 2. Let u be y(o). Calculate the highest common factor of u and 190.
10
Let w(i) = -9*i**3 - 5*i**2 - 5*i - 24. Let r be w(-5). Calculate the highest common divisor of 77 and r.
77
Suppose 0 = -41*d + 30*d + 55. Calculate the highest common divisor of 4 and d.
1
Let l be -42*(4 + -5)*(-7)/(-14). What is the greatest common factor of l and 15?
3
Suppose 1287 - 482 = 5*n - 3*j, 3*j - 322 = -2*n. Calculate the highest common divisor of n and 23.
23
Let c be (14 - 5) + (1 - (-1 + -1)). Let n = -67 + 97. What is the greatest common divisor of n and c?
6
Let z = 4104 - 2929. What is the highest common factor of 47 and z?
47
Let m be (12*-1)/(-3) + 11. Let i be (2 + 7)/(m/40). What is the greatest common divisor of 216 and i?
24
Let k be 0/2 + (-2)/1. Let j(h) = -13*h**3 - 2*h**2 + 2*h + 3. Let c be j(k). Let w(g) = -6*g + 8. Let x be w(-5). What is the highest common factor of c and x?
19
Let f = 249 + -109. Suppose 2*z - 40 = -5*o + 20, -z = 3*o - 29. What is the greatest common divisor of z and f?
35
Let i(w) = 0*w**2 + 6*w + 2 + 3*w - w**3 + 0*w - 3*w**2. Let m be i(-6). Calculate the highest common factor of m and 14.
14
Suppose 2*q - 5*w - 23 = 0, -7*q + 2*w = -8*q + 16. Let n = 33 + -12. Calculate the greatest common factor of q and n.
7
Suppose 5*a = 5, 0*a - 4*a = -2*i + 26. Suppose -5*y = -i, 4*t + 280 = 4*y + 72. Let z be (0 - t) + -4 + 4. What is the highest common factor of 7 and z?
7
Let a be (-120)/(-90) - (-328)/6. Calculate the highest common factor of a and 266.
14
Let n = 36 + -15. Suppose o - 5*o = -252. What is the greatest common divisor of o and n?
21
Let r = -361 + 746. Suppose 3*h - 231 = -u, 4*h + h + 5*u = r. Calculate the highest common factor of 7 and h.
7
Suppose 13*q - 514 = -124. Calculate the greatest common factor of 40 and q.
10
Suppose 0*n - 336 = -16*n. What is the highest common factor of 49 and n?
7
Let d = 5 - 5. Let k be (d - -1)/((-5)/(-65)). Let q be ((-5)/(-10))/(-2*(-1)/260). What is the highest common divisor of q and k?
13
Let d(r) = 2*r**2 + 16*r - 10. Let q be d(3). Let g = -6 + 14. Calculate the greatest common divisor of g and q.
8
Let g be -65 - (0 + 3 - 2)*-1. Let o = g + 86. What is the highest common factor of o and 2?
2
Let d = 39 + -24. Let b(s) = -s**3 + 9*s**2 + 8*s - 12. Let k be b(9). What is the highest common factor of d and k?
15
Suppose -528 - 70 = -2*t. What is the highest common divisor of t and 23?
23
Let r = -635 - -651. What is the highest common divisor of 208 and r?
16
Let j(t) = t**2 + 12*t + 11. Let d be j(-11). Suppose d = u + 2*a - 46, 2*u - 5*a = -0*u + 47. Calculate the highest common factor of 126 and u.
18
Suppose -4*b + b = -3*h + 36, -4*b = -2*h + 30. Calculate the highest common factor of h and 315.
9
Let z be 12/(-6)*1 - (-124)/2. Let l be (1/2)/(1/38). Suppose -l = -2*j + 29. What is the greatest common factor of j and z?
12
Let u = 25 + -25. Let x be -4 - -8*(2 - u). Let c(v) = v - 3. Let s be c(6). What is the greatest common divisor of x and s?
3
Let b(f) = 7*f + 25. Let d be b(-3). What is the greatest common divisor of d and 164?
4
Let v be (-6)/33 + (-1146)/(-11). Let c(s) = -34*s + 455. Let n be c(13). Calculate the highest common factor of v and n.
13
Let j be 6/(-21) - (-1140)/21. Suppose d - r - j + 18 = 0, d - 52 = 5*r. Calculate the greatest common divisor of 48 and d.
16
Let n = 779 - 758. Calculate the highest common factor of 63 and n.
21
Let m be 1*-4 - (-4 - 64). Suppose 4*d + 0 = m. Calculate the highest common factor of d and 32.
16
Let n be (-4)/12*(-1 + -14). Suppose -3*t - z - z = -63, -n*z = 2*t - 42. Let j = -28 + 49. Calculate the greatest common divisor of j and t.
21
Suppose -3*j = 2*m - 5*j + 14, -2*m - 5*j = 14. Let k(u) = -2*u**2 - 16*u + 3. Let x be k(m). Calculate the highest common factor of 119 and x.
17
Suppose 166 + 101 = 3*o. Suppose p = -2*p - 4*l + 76, 2*p - o = 5*l. Suppose 2*b - p = -0*b. What is the highest common divisor of 24 and b?
8
Let f(q) = 5*q**2 - 117*q - 55. Let b be f(-21). What is the greatest common divisor of b and 17?
17
Suppose 2*d - 135 = -7*d. What is the highest common divisor of d and 18?
3
Let q(i) = i**2 + i - 5. Let k be q(-4). What is the greatest common divisor of k and 7?
7
Let i = -113 + 109. Let n be 4 + 0*1/3. Let g be i/n - -2 - -23. What is the greatest common factor of 3 and g?
3
Let p(o) = -o + 73. Let h be p(6). What is the highest common factor of h and 1?
1
Let k(o) = 38*o - 515. Let c be k(15). Calculate the greatest common factor of c and 1815.
55
Let l = -95 - -95. Suppose 33*w - 31*w - 216 = l. What is the highest common divisor of 27 and w?
27
Let z be (-6)/(-21) - (-4)/(-14). Suppose s + z*s - 17 = 0. Let x = -1 + s. Calculate the greatest common divisor of 80 and x.
16
Let k = -478 + 528. What is the greatest common factor of 225 and k?
25
Let x be (-6858)/30 + 4/(-10)*1. Let y = x - -320. What is the highest common factor 